 = 5*z**3 - 54*z**2 - 178*z - 122. Calculate q(-1).
-3
Let c(x) = -8286*x + 41762. Calculate c(5).
332
Let b(x) = -133*x**2 + 531*x + 10. Determine b(4).
6
Let r(j) = -1676*j + 632. Give r(-2).
3984
Let w(f) = 1815*f - 205098. What is w(113)?
-3
Let g(f) = -2*f**2 - 4124*f - 28727. Determine g(-7).
43
Let k(m) = 3*m**3 + 1442*m**2 + 29831*m - 1892. Determine k(-459).
-56
Let t(f) = -f**3 + 4*f**2 + 132*f - 784. What is t(10)?
-64
Let o(v) = 151*v**2 + 1007*v - 181. Give o(-7).
169
Let s(k) = 3*k**2 + 188*k + 1324. Determine s(-57).
355
Let s(o) = 16*o**2 + 309*o + 1265. Give s(-6).
-13
Let d(m) = -m**2 - 579*m + 186061. Give d(230).
-9
Let t(a) = 412*a**2 + 285*a - 74. Calculate t(-1).
53
Let d(x) = -17350*x + 191266. What is d(11)?
416
Let h(j) = 12*j**2 + 18*j + 115. What is h(0)?
115
Let u(m) = 838*m**2 - 1485*m + 2972. Calculate u(2).
3354
Let u(o) = -3*o**3 + 800*o**2 + 262*o + 1334. Give u(267).
-1
Let f(w) = -894267*w + 11625480. What is f(13)?
9
Let l(c) = c**3 + 10*c**2 - 552*c + 12. Calculate l(-29).
41
Let o(a) = 83*a - 4133. Determine o(37).
-1062
Let w(o) = 27120*o - 1193269. Determine w(44).
11
Let m(a) = -184*a**2 + 138745*a - 6811. Calculate m(754).
-25
Let o(n) = -5*n**2 + 300*n - 2128. What is o(66)?
-4108
Let l(c) = -5*c**3 + 79*c**2 - 66*c + 1305. Calculate l(16).
-7
Let u(c) = -14*c**2 - 218*c + 518. Determine u(-26).
-3278
Let a(o) = -2938*o - 293821. Give a(-100).
-21
Let x(c) = -705*c + 681. Calculate x(0).
681
Let f(i) = -11611*i - 383174. What is f(-33)?
-11
Let p(b) = b**3 + 104*b**2 + 803*b + 61413. Determine p(-102).
315
Let f(i) = -222*i - 11279. What is f(-51)?
43
Let t(w) = 32961*w - 527351. Determine t(16).
25
Let d(z) = -10490*z - 325265. Determine d(-31).
-75
Let c(k) = -k**3 - 32*k**2 + 164*k + 2149. Determine c(-35).
84
Let a(r) = -r**2 - 924*r - 204983. Give a(-554).
-3
Let j(h) = -3*h**3 - 1658*h**2 + 607*h + 29614. What is j(-553)?
-248
Let t(l) = -4638*l - 41905. What is t(-9)?
-163
Let b(x) = -1879*x + 155976. Give b(83).
19
Let x(w) = w**2 - 177*w - 132951. What is x(464)?
217
Let r(m) = -6023*m + 41582. What is r(7)?
-579
Let l(z) = -1460*z**2 - 1551*z + 1551. Determine l(1).
-1460
Let s(n) = -n**2 + 13197*n - 131888. Give s(10).
-18
Let g(o) = 10073*o + 503662. Determine g(-50).
12
Let n(z) = -66*z**2 - 194*z - 24. Determine n(-3).
-36
Let g(a) = 744*a + 10466. Determine g(-14).
50
Let b(y) = -3326*y - 440. What is b(1)?
-3766
Let f(s) = s**2 - 29065*s - 290741. Calculate f(-10).
9
Let l(z) = 540*z**3 - 3*z**2 + 38*z + 91. Give l(-2).
-4317
Let g(a) = -2*a**3 - 115*a**2 - 307*a + 2802. Calculate g(-7).
2
Let z(n) = 1173*n**3 - 39879*n**2 - 100*n - 6. Give z(34).
62
Let h(x) = 128*x + 17214. Calculate h(-118).
2110
Let d(m) = -7614*m + 53954. Give d(7).
656
Let m(j) = 2*j**2 - 254*j + 1098. Calculate m(0).
1098
Let o(l) = -l**3 + 32*l**2 + 1231*l + 1866. Give o(55).
-4
Let k(r) = r**2 - 8631*r + 318230. Determine k(37).
252
Let i(x) = -x**3 - 11*x**2 + 49*x - 257. What is i(-15)?
-92
Let x(k) = 25185*k + 201380. Give x(-8).
-100
Let w(v) = -2844*v + 28486. Determine w(10).
46
Let b(x) = 3*x**2 - 67*x + 853. Determine b(27).
1231
Let s(y) = -26*y**3 + 3151*y**2 - 603*y - 256. Determine s(121).
-14
Let a(i) = -8*i**2 - 38*i - 287. Give a(-8).
-495
Let v(o) = 248898*o + 6222381. Give v(-25).
-69
Let u(l) = 978*l**3 - 129093*l**2 - 391*l - 668. What is u(132)?
-8
Let x(y) = 78*y + 643. Calculate x(-3).
409
Let j(o) = 51132*o - 869112. Give j(17).
132
Let p(h) = 1165*h**2 + 16307*h - 36. Give p(-14).
6
Let t(m) = m**3 + m**2 + 801*m + 4045. Determine t(-5).
-60
Let b(t) = -t**3 + 89*t**2 - 77*t + 377. What is b(88)?
1345
Let b(i) = -12695*i + 939422. Give b(74).
-8
Let v(q) = -383*q**2 - 74301*q + 177. What is v(-194)?
-17
Let p(l) = l**2 - 6827*l - 982479. Determine p(-141).
9
Let b(p) = p**3 - 22*p**2 + 92*p - 654. Determine b(18).
-294
Let z(r) = -47890*r + 7758169. Calculate z(162).
-11
Let l(n) = -n**3 - 10*n**2 + 81*n + 75. Calculate l(-18).
1209
Let u(s) = -s**3 + 24*s**2 + 22*s - 36. Give u(13).
2109
Let h(f) = 1025*f**3 - 8207*f**2 + 52*f + 30. What is h(8)?
-2
Let s(l) = 246*l + 13656. Give s(-57).
-366
Let f(q) = -q**2 - 10819*q + 54198. What is f(5)?
78
Let r(x) = 3*x**2 - 116*x + 280. Give r(36).
-8
Let c(z) = -124*z**2 - 19344*z - 176. Determine c(-156).
-176
Let a(z) = 2*z**3 - 12*z**2 - 66*z + 7. What is a(-4)?
-49
Let t(n) = -n**2 - 903*n + 22900. What is t(25)?
-300
Let j(h) = 6*h**2 + 317*h + 570. What is j(-50)?
-280
Let v(c) = -c**3 - 536*c**2 + 4035*c + 7819. Give v(9).
-11
Let p(m) = -59375*m - 2671864. Calculate p(-45).
11
Let l(h) = h**2 - 1149*h - 103560. Determine l(-84).
12
Let r(o) = -3*o**3 - 8*o**2 - 75*o - 102. What is r(-2)?
40
Let u(l) = l**3 - 46*l**2 - 207*l + 12991. What is u(44)?
11
Let n(m) = 10887*m + 87369. What is n(-8)?
273
Let r(p) = -9692*p - 4555226. Determine r(-470).
14
Let h(f) = 3190*f + 38266. What is h(-12)?
-14
Let m(p) = p**3 - 8*p**2 - 74*p + 121. Give m(13).
4
Let d(x) = x**2 - 5644*x - 39640. Give d(-7).
-83
Let d(i) = -457*i**2 + 138465*i + 1824. Give d(303).
6
Let z(p) = 9*p**3 + 26*p**2 - 8*p + 33. Calculate z(-8).
-2847
Let p(u) = -u**2 + 29705*u + 29702. Calculate p(-1).
-4
Let t(p) = 36143*p + 361465. What is t(-10)?
35
Let n(m) = -2*m**3 + 8*m**2 + 95*m - 373. Give n(5).
52
Let k(a) = 3*a**3 + 530*a**2 - 3199*a - 371. Give k(6).
163
Let x(i) = -i**2 + 194*i + 6175. Give x(-28).
-41
Let k(v) = 6*v**2 - 254*v - 4089. Give k(-15).
1071
Let m(q) = -3*q**2 + 550*q - 4436. Calculate m(175).
-61
Let n(x) = 6*x**2 - 953*x - 8991. Give n(-9).
72
Let h(c) = -10*c**3 - 195*c**2 - 84*c + 182. What is h(-19)?
-27
Let s(f) = -40*f**3 + 333*f**2 + 30*f + 8. Give s(9).
-1909
Let m(i) = -2*i**2 - 44*i + 2671. Calculate m(26).
175
Let t(w) = 2348*w - 124456. Calculate t(53).
-12
Let t(c) = -c**2 + 26439*c + 1165275. Give t(-44).
23
Let x(g) = 7*g**2 + 482*g + 8259. Determine x(-37).
8
Let k(d) = -82762*d + 662172. Determine k(8).
76
Let u(p) = 5*p**3 + 245*p**2 + 2848*p + 96. What is u(-30)?
156
Let v(f) = -26*f**3 - 73*f**2 - 409*f - 59. Calculate v(-5).
3411
Let u(p) = -9286*p + 27424. Determine u(3).
-434
Let b(c) = 3*c**2 + 2360*c - 130937. Determine b(52).
-105
Let l(o) = o**3 + 358*o**2 + 710*o - 681. Give l(-356).
31
Let y(q) = 90*q**2 + 1701*q + 270. Determine y(-19).
441
Let f(h) = 4*h**3 + 165*h**2 - 940*h + 1233. What is f(2)?
45
Let b(r) = 3656*r - 15. Give b(0).
-15
Let v(i) = -i**2 - 349*i + 9358. Calculate v(25).
8
Let b(a) = 15*a**3 - 15032*a**2 + 17022*a - 5015. Give b(1001).
-10
Let q(k) = 1589*k**3 + 11*k**2 - 47*k + 37. Give q(1).
1590
Let h(q) = -238*q + 32381. Give h(136).
13
Let t(o) = o**3 + 122*o**2 - 343*o + 4872. Give t(-125).
872
Let j(c) = c**3 + 59*c**2 - 387*c + 38. Calculate j(6).
56
Let r(y) = -9*y**2 - 1041*y + 131916. Determine r(-192).
12
Let v(c) = 17834*c - 249656. What is v(14)?
20
Let k(f) = 2*f**2 + 601*f - 9518. Give k(15).
-53
Let j(f) = 5*f**3 + 3*f**2 - 45*f - 145. Determine j(-4).
-237
Let o(r) = -r**3 + 20*r**2 + 14*r - 152. Determine o(-4).
176
Let k(a) = -390*a**2 - 1960*a + 6. What is k(-5)?
56
Let d(u) = 2*u**3 - 42*u**2 + 11243*u - 236109. Determine d(21).
-6
Let d(g) = -6693*g - 294587. Give d(-44).
-95
Let r(j) = -j**3 - 251*j**2 - 10056*j - 1231. What is r(-201)?
-25
Let k(g) = -37*g**3 + 2*g**2 + 51*g + 3. Calculate k(3).
-825
Let j(q) = q**2 + 254*q - 2098. What is j(8)?
-2
Let j(u) = -15*u**2 + 108*u + 2088. Calculate j(16).
-24
Let i(c) = -c**3 + 2*c**2 + 954*c + 150. Determine i(32).
-42
Let b(y) = y**3 + 15*y**2 - 397*y - 70. Calculate b(14).
56
Let n(h) = h**3 + 4190*h**2 + 8363*h - 29. What is n(-2)?
-3
Let z(d) = 4*d**2 + 1320*d + 9. Give z(-330).
9
Let o(f) = f**3 + 568*f**2 - 4611*f - 1733. Determine o(-576).
-5
Let r(k) = k**3 - 118*k**2 - 245*k + 479. Determine r(120).
-121
Let j(i) = -535*i + 149. Determine j(0).
149
Let f(w) = -w**3 + 55*w**2 + 688*w + 1550. Give f(-3).
8
Let d(v) = v**3 + 25*v**2 + 271*v + 2007. Calculate d(-16).
-25
Let o(a) = a**3 - 90*a**2 + 37*a + 4348. What is o(89)?
-280
Let c(s) = -s**3 + 479*s**2 - 6507*s - 43. What is c(14)?
-1
Let u(n) = n**2 + 81780*n + 572435. Give u(-7).
24
Let a(y) = -195*y**3 + 28*y**2 + 16*y - 7. Give a(0).
-7
Let n(p) = -152*p**3 - 5*p